{"id":840,"date":"2022-07-03T14:52:23","date_gmt":"2022-07-03T14:52:23","guid":{"rendered":"https:\/\/wineandartlodge.com\/?page_id=840"},"modified":"2022-07-07T17:11:32","modified_gmt":"2022-07-07T17:11:32","slug":"uber-uns","status":"publish","type":"page","link":"https:\/\/wineandartlodge.com\/?page_id=840&lang=de","title":{"rendered":"\u00dcber uns"},"content":{"rendered":"\t\t<div data-elementor-type=\"wp-page\" data-elementor-id=\"840\" class=\"elementor elementor-840\" data-elementor-settings=\"[]\">\n\t\t\t\t\t\t\t<div class=\"elementor-section-wrap\">\n\t\t\t\t\t\t\t<section class=\"elementor-section elementor-top-section elementor-element elementor-element-5b62434 elementor-section-stretched elementor-section-boxed elementor-section-height-default elementor-section-height-default\" data-id=\"5b62434\" data-element_type=\"section\" data-settings=\"{&quot;stretch_section&quot;:&quot;section-stretched&quot;}\">\n\t\t\t\t\t\t<div class=\"elementor-container elementor-column-gap-wider\">\n\t\t\t\t\t<div class=\"elementor-column elementor-col-100 elementor-top-column elementor-element elementor-element-80db73d\" data-id=\"80db73d\" data-element_type=\"column\">\n\t\t\t<div class=\"elementor-widget-wrap elementor-element-populated\">\n\t\t\t\t\t\t\t\t<section class=\"elementor-section elementor-inner-section elementor-element elementor-element-869504f elementor-section-boxed elementor-section-height-default elementor-section-height-default\" data-id=\"869504f\" data-element_type=\"section\">\n\t\t\t\t\t\t<div class=\"elementor-container elementor-column-gap-default\">\n\t\t\t\t\t<div class=\"elementor-column elementor-col-100 elementor-inner-column elementor-element elementor-element-2dc7b69\" data-id=\"2dc7b69\" data-element_type=\"column\">\n\t\t\t<div class=\"elementor-widget-wrap elementor-element-populated\">\n\t\t\t\t\t\t\t\t<div class=\"elementor-element elementor-element-9ae76da elementor-widget elementor-widget-text-editor\" data-id=\"9ae76da\" data-element_type=\"widget\" data-widget_type=\"text-editor.default\">\n\t\t\t\t<div class=\"elementor-widget-container\">\n\t\t\t<style>\/*! elementor - v3.5.3 - 28-12-2021 *\/\n.elementor-widget-text-editor.elementor-drop-cap-view-stacked .elementor-drop-cap{background-color:#818a91;color:#fff}.elementor-widget-text-editor.elementor-drop-cap-view-framed .elementor-drop-cap{color:#818a91;border:3px solid;background-color:transparent}.elementor-widget-text-editor:not(.elementor-drop-cap-view-default) .elementor-drop-cap{margin-top:8px}.elementor-widget-text-editor:not(.elementor-drop-cap-view-default) .elementor-drop-cap-letter{width:1em;height:1em}.elementor-widget-text-editor .elementor-drop-cap{float:left;text-align:center;line-height:1;font-size:50px}.elementor-widget-text-editor .elementor-drop-cap-letter{display:inline-block}<\/style>\t\t\t\t<h2>\u00dcber uns<\/h2>\t\t\t\t\t\t<\/div>\n\t\t\t\t<\/div>\n\t\t\t\t<div class=\"elementor-element elementor-element-e0828f9 elementor-widget elementor-widget-text-editor\" data-id=\"e0828f9\" data-element_type=\"widget\" data-widget_type=\"text-editor.default\">\n\t\t\t\t<div class=\"elementor-widget-container\">\n\t\t\t\t\t\t\t<p><strong>Stefan<\/strong> hat in vielen L\u00e4ndern der Welt gearbeitet, meistens in Entwicklungsprojekten. Er war der Pionier hier im Tal, als er zwei alte Winzerh\u00e4uschen f\u00fcr sich renoviert hat, als Ort des R\u00fcckzugs in der Natur. Und um sich einen Jugendtraum zu erf\u00fcllen: Wein aus dem eigenen Weinberg! Zu Weinbau in Theorie und Praxis kann er Spannendes erz\u00e4hlen. Er unterrichtet manchmal noch an verschiedenen Universit\u00e4ten und wird sich den n\u00e4chsten Jahren mehr seiner pers\u00f6nlichen Kontemplation widmen.<\/p><p><strong>Elisa<\/strong> begeisterte das Tal, langsam aber sicher. Nach zwei 2 Sommern als Sennerin w\u00e4hrend des Studiums und nach 12 Jahren in einem Innviertler Bauernhaus hatte sie schon vor langem das Landleben eigentlich f\u00fcr sich abgeschlossen. Sie hat in verschiedenen Kulturen gelebt und gearbeitet und reiste als Psychologin, Coach und Team-Trainerin manchmal mehr, als ihr lieb war. So ist auch bei ihr der Wunsch nach Stille und Einfachheit wieder neu erwacht, vor allem auch die Freude am kreativ Schreiben.<\/p><p>Die Lodge ist unser gemeinsames Projekt. Wir sind stolz darauf, was wir aus dem alten Geh\u00f6ft gemacht haben. Wir sind immer neu begeistert, dass es diesen ruhigen und geborgenen Platz auf der Welt gibt.<\/p>\t\t\t\t\t\t<\/div>\n\t\t\t\t<\/div>\n\t\t\t\t\t<\/div>\n\t\t<\/div>\n\t\t\t\t\t\t\t<\/div>\n\t\t<\/section>\n\t\t\t\t\t<\/div>\n\t\t<\/div>\n\t\t\t\t\t\t\t<\/div>\n\t\t<\/section>\n\t\t\t\t<section class=\"elementor-section elementor-top-section elementor-element elementor-element-16a2eb6 elementor-section-full_width elementor-section-stretched elementor-section-height-default elementor-section-height-default\" data-id=\"16a2eb6\" data-element_type=\"section\" data-settings=\"{&quot;stretch_section&quot;:&quot;section-stretched&quot;}\">\n\t\t\t\t\t\t<div class=\"elementor-container elementor-column-gap-wider\">\n\t\t\t\t\t<div class=\"elementor-column elementor-col-100 elementor-top-column elementor-element elementor-element-ec5962c\" data-id=\"ec5962c\" data-element_type=\"column\">\n\t\t\t<div class=\"elementor-widget-wrap elementor-element-populated\">\n\t\t\t\t\t\t\t\t<div class=\"elementor-element elementor-element-82f4151 elementor-widget elementor-widget-image\" data-id=\"82f4151\" data-element_type=\"widget\" data-widget_type=\"image.default\">\n\t\t\t\t<div class=\"elementor-widget-container\">\n\t\t\t<style>\/*! elementor - v3.5.3 - 28-12-2021 *\/\n.elementor-widget-image{text-align:center}.elementor-widget-image a{display:inline-block}.elementor-widget-image a img[src$=\".svg\"]{width:48px}.elementor-widget-image img{vertical-align:middle;display:inline-block}<\/style>\t\t\t\t\t\t\t\t\t\t\t\t<img loading=\"lazy\" decoding=\"async\" width=\"640\" height=\"480\" src=\"https:\/\/wineandartlodge.com\/wp-content\/uploads\/2022\/07\/WIR-mit-Hut-rotated.jpg\" class=\"attachment-large size-large\" alt=\"\" srcset=\"https:\/\/wineandartlodge.com\/wp-content\/uploads\/2022\/07\/WIR-mit-Hut-rotated.jpg 640w, https:\/\/wineandartlodge.com\/wp-content\/uploads\/2022\/07\/WIR-mit-Hut-300x225.jpg 300w, https:\/\/wineandartlodge.com\/wp-content\/uploads\/2022\/07\/WIR-mit-Hut-195x146.jpg 195w, https:\/\/wineandartlodge.com\/wp-content\/uploads\/2022\/07\/WIR-mit-Hut-50x38.jpg 50w, https:\/\/wineandartlodge.com\/wp-content\/uploads\/2022\/07\/WIR-mit-Hut-100x75.jpg 100w\" sizes=\"(max-width: 640px) 100vw, 640px\" \/>\t\t\t\t\t\t\t\t\t\t\t\t\t\t\t<\/div>\n\t\t\t\t<\/div>\n\t\t\t\t\t<\/div>\n\t\t<\/div>\n\t\t\t\t\t\t\t<\/div>\n\t\t<\/section>\n\t\t\t\t\t\t<\/div>\n\t\t\t\t\t<\/div>\n\t\t","protected":false},"excerpt":{"rendered":"<p>\u00dcber uns Stefan hat in vielen L\u00e4ndern der Welt gearbeitet, meistens in Entwicklungsprojekten. Er war der Pionier hier im Tal, als er zwei alte Winzerh\u00e4uschen f\u00fcr<span class=\"excerpt-hellip\"> [\u2026]<\/span><\/p>\n","protected":false},"author":1,"featured_media":0,"parent":0,"menu_order":0,"comment_status":"closed","ping_status":"closed","template":"","meta":{"footnotes":""},"aioseo_notices":[],"_links":{"self":[{"href":"https:\/\/wineandartlodge.com\/index.php?rest_route=\/wp\/v2\/pages\/840"}],"collection":[{"href":"https:\/\/wineandartlodge.com\/index.php?rest_route=\/wp\/v2\/pages"}],"about":[{"href":"https:\/\/wineandartlodge.com\/index.php?rest_route=\/wp\/v2\/types\/page"}],"author":[{"embeddable":true,"href":"https:\/\/wineandartlodge.com\/index.php?rest_route=\/wp\/v2\/users\/1"}],"replies":[{"embeddable":true,"href":"https:\/\/wineandartlodge.com\/index.php?rest_route=%2Fwp%2Fv2%2Fcomments&post=840"}],"version-history":[{"count":0,"href":"https:\/\/wineandartlodge.com\/index.php?rest_route=\/wp\/v2\/pages\/840\/revisions"}],"wp:attachment":[{"href":"https:\/\/wineandartlodge.com\/index.php?rest_route=%2Fwp%2Fv2%2Fmedia&parent=840"}],"curies":[{"name":"wp","href":"https:\/\/api.w.org\/{rel}","templated":true}]}}