{"id":1594,"date":"2022-09-25T11:22:50","date_gmt":"2022-09-25T11:22:50","guid":{"rendered":"https:\/\/wineandartlodge.com\/?page_id=1594"},"modified":"2022-10-11T16:41:44","modified_gmt":"2022-10-11T16:41:44","slug":"dolina","status":"publish","type":"page","link":"https:\/\/wineandartlodge.com\/?page_id=1594","title":{"rendered":"Dolina"},"content":{"rendered":"\t\t<div data-elementor-type=\"wp-page\" data-elementor-id=\"1594\" class=\"elementor elementor-1594\" data-elementor-settings=\"[]\">\n\t\t\t\t\t\t\t<div class=\"elementor-section-wrap\">\n\t\t\t\t\t\t\t<section class=\"elementor-section elementor-top-section elementor-element elementor-element-8075f9b elementor-section-full_width elementor-section-stretched elementor-section-height-default elementor-section-height-default\" data-id=\"8075f9b\" data-element_type=\"section\" data-settings=\"{&quot;stretch_section&quot;:&quot;section-stretched&quot;}\">\n\t\t\t\t\t\t<div class=\"elementor-container elementor-column-gap-wider\">\n\t\t\t\t\t<div class=\"elementor-column elementor-col-100 elementor-top-column elementor-element elementor-element-5854deb\" data-id=\"5854deb\" data-element_type=\"column\">\n\t\t\t<div class=\"elementor-widget-wrap elementor-element-populated\">\n\t\t\t\t\t\t\t\t<div class=\"elementor-element elementor-element-42b4c51 elementor-widget elementor-widget-heading\" data-id=\"42b4c51\" data-element_type=\"widget\" data-widget_type=\"heading.default\">\n\t\t\t\t<div class=\"elementor-widget-container\">\n\t\t\t<style>\/*! elementor - v3.5.3 - 28-12-2021 *\/\n.elementor-heading-title{padding:0;margin:0;line-height:1}.elementor-widget-heading .elementor-heading-title[class*=elementor-size-]>a{color:inherit;font-size:inherit;line-height:inherit}.elementor-widget-heading .elementor-heading-title.elementor-size-small{font-size:15px}.elementor-widget-heading .elementor-heading-title.elementor-size-medium{font-size:19px}.elementor-widget-heading .elementor-heading-title.elementor-size-large{font-size:29px}.elementor-widget-heading .elementor-heading-title.elementor-size-xl{font-size:39px}.elementor-widget-heading .elementor-heading-title.elementor-size-xxl{font-size:59px}<\/style><h2 class=\"elementor-heading-title elementor-size-default\">Dolina<\/h2>\t\t<\/div>\n\t\t\t\t<\/div>\n\t\t\t\t<div class=\"elementor-element elementor-element-d6dc878 elementor-widget elementor-widget-text-editor\" data-id=\"d6dc878\" data-element_type=\"widget\" data-widget_type=\"text-editor.default\">\n\t\t\t\t<div class=\"elementor-widget-container\">\n\t\t\t<style>\/*! elementor - v3.5.3 - 28-12-2021 *\/\n.elementor-widget-text-editor.elementor-drop-cap-view-stacked .elementor-drop-cap{background-color:#818a91;color:#fff}.elementor-widget-text-editor.elementor-drop-cap-view-framed .elementor-drop-cap{color:#818a91;border:3px solid;background-color:transparent}.elementor-widget-text-editor:not(.elementor-drop-cap-view-default) .elementor-drop-cap{margin-top:8px}.elementor-widget-text-editor:not(.elementor-drop-cap-view-default) .elementor-drop-cap-letter{width:1em;height:1em}.elementor-widget-text-editor .elementor-drop-cap{float:left;text-align:center;line-height:1;font-size:50px}.elementor-widget-text-editor .elementor-drop-cap-letter{display:inline-block}<\/style>\t\t\t\t<p>Kraj z veliko raznolikostjo za na\u0161e goste, za ljudi, ki i\u0161\u010dejo ti\u0161ino, ki \u017eelijo videti preprostost in ob\u010dutiti naravo. Sami ali s prijatelji, z dru\u017eino. Za pohodni\u0161tvo ali kolesarjenje, za pisateljski oddih ali skupinsko delavnico, za aktivne po\u010ditnice ali degustacijo vina. Navdu\u0161uje nas pti\u010dje petje, ki nas tu vsako jutro prebudi ali v\u010dasih zaziblje v zgodnji spanec. Tu \u017eivijo celo vijeglavke in slavci &#8211; raj redkih vrst ptic za opazovalce ptic. Ni\u010d \u010dudnega, saj so v vsej dolini le tri na\u0161e hi\u0161e in \u010debelnjaki in vinska trta!<\/p><p>Menimo, da se k temu dobro podajo umetni\u0161ki predmeti iz starega lesa. Ustvarjava krajinsko umetnost, k sodelovanju so vabljeni tudi ustvarjalni gostje. Stara vinogradni\u0161ka ko\u010da na koncu doline je bila obnovljena pred 12 leti. Na policah so starine s Stefanovih \u0161tevilnih potovanj in doma\u010de vino. \u0160ele leta 2020 &#8211; sredi \u010dudnih \u010dasov &#8211; sva dobili idejo o ko\u010di in obnovila \u0161e drugo staro vinogradni\u0161ko doma\u010dijo, ki jemorala uresni\u010diti veliko osebnih zamisli, biti edinstvena svoje vrste, polna \u010darobnosti in lepote. Pripoveduje stare zgodbe in ponuja prostore za mir in dober pogovor. Nastal je kraj u\u017eitkov, dobrega spanca in dolina majhnih odkritij na vsakem gri\u010du.<\/p><p>Meniva, da nama je uspelo! Pridite in si oglejte, prisluhnite in okusite, po\u010divajte in praznujte! Sprehodite se in ob\u010dudujte!<\/p>\t\t\t\t\t\t<\/div>\n\t\t\t\t<\/div>\n\t\t\t\t\t<\/div>\n\t\t<\/div>\n\t\t\t\t\t\t\t<\/div>\n\t\t<\/section>\n\t\t\t\t<section class=\"elementor-section elementor-top-section elementor-element elementor-element-9c580c8 elementor-section-boxed elementor-section-height-default elementor-section-height-default\" data-id=\"9c580c8\" data-element_type=\"section\">\n\t\t\t\t\t\t<div class=\"elementor-container elementor-column-gap-default\">\n\t\t\t\t\t<div class=\"elementor-column elementor-col-100 elementor-top-column elementor-element elementor-element-40e7a8d\" data-id=\"40e7a8d\" data-element_type=\"column\">\n\t\t\t<div class=\"elementor-widget-wrap elementor-element-populated\">\n\t\t\t\t\t\t\t\t<div class=\"elementor-element elementor-element-a258973 elementor-widget elementor-widget-image\" data-id=\"a258973\" data-element_type=\"widget\" data-widget_type=\"image.default\">\n\t\t\t\t<div class=\"elementor-widget-container\">\n\t\t\t<style>\/*! elementor - v3.5.3 - 28-12-2021 *\/\n.elementor-widget-image{text-align:center}.elementor-widget-image a{display:inline-block}.elementor-widget-image a img[src$=\".svg\"]{width:48px}.elementor-widget-image img{vertical-align:middle;display:inline-block}<\/style>\t\t\t\t\t\t\t\t\t\t\t\t<img loading=\"lazy\" decoding=\"async\" width=\"2560\" height=\"1707\" src=\"https:\/\/wineandartlodge.com\/wp-content\/uploads\/2022\/06\/Gresovscak-5429-scaled.jpg\" class=\"attachment-full size-full\" alt=\"\" srcset=\"https:\/\/wineandartlodge.com\/wp-content\/uploads\/2022\/06\/Gresovscak-5429-scaled.jpg 2560w, https:\/\/wineandartlodge.com\/wp-content\/uploads\/2022\/06\/Gresovscak-5429-300x200.jpg 300w, https:\/\/wineandartlodge.com\/wp-content\/uploads\/2022\/06\/Gresovscak-5429-1024x683.jpg 1024w, https:\/\/wineandartlodge.com\/wp-content\/uploads\/2022\/06\/Gresovscak-5429-768x512.jpg 768w, https:\/\/wineandartlodge.com\/wp-content\/uploads\/2022\/06\/Gresovscak-5429-1536x1024.jpg 1536w, https:\/\/wineandartlodge.com\/wp-content\/uploads\/2022\/06\/Gresovscak-5429-2048x1365.jpg 2048w, https:\/\/wineandartlodge.com\/wp-content\/uploads\/2022\/06\/Gresovscak-5429-219x146.jpg 219w, https:\/\/wineandartlodge.com\/wp-content\/uploads\/2022\/06\/Gresovscak-5429-50x33.jpg 50w, https:\/\/wineandartlodge.com\/wp-content\/uploads\/2022\/06\/Gresovscak-5429-113x75.jpg 113w\" sizes=\"(max-width: 2560px) 100vw, 2560px\" \/>\t\t\t\t\t\t\t\t\t\t\t\t\t\t\t<\/div>\n\t\t\t\t<\/div>\n\t\t\t\t\t<\/div>\n\t\t<\/div>\n\t\t\t\t\t\t\t<\/div>\n\t\t<\/section>\n\t\t\t\t\t\t<\/div>\n\t\t\t\t\t<\/div>\n\t\t","protected":false},"excerpt":{"rendered":"<p>Dolina Kraj z veliko raznolikostjo za na\u0161e goste, za ljudi, ki i\u0161\u010dejo ti\u0161ino, ki \u017eelijo videti preprostost in ob\u010dutiti naravo. Sami ali s prijatelji, z dru\u017eino.<span class=\"excerpt-hellip\"> [\u2026]<\/span><\/p>\n","protected":false},"author":1,"featured_media":0,"parent":0,"menu_order":0,"comment_status":"closed","ping_status":"closed","template":"","meta":{"footnotes":""},"aioseo_notices":[],"_links":{"self":[{"href":"https:\/\/wineandartlodge.com\/index.php?rest_route=\/wp\/v2\/pages\/1594"}],"collection":[{"href":"https:\/\/wineandartlodge.com\/index.php?rest_route=\/wp\/v2\/pages"}],"about":[{"href":"https:\/\/wineandartlodge.com\/index.php?rest_route=\/wp\/v2\/types\/page"}],"author":[{"embeddable":true,"href":"https:\/\/wineandartlodge.com\/index.php?rest_route=\/wp\/v2\/users\/1"}],"replies":[{"embeddable":true,"href":"https:\/\/wineandartlodge.com\/index.php?rest_route=%2Fwp%2Fv2%2Fcomments&post=1594"}],"version-history":[{"count":0,"href":"https:\/\/wineandartlodge.com\/index.php?rest_route=\/wp\/v2\/pages\/1594\/revisions"}],"wp:attachment":[{"href":"https:\/\/wineandartlodge.com\/index.php?rest_route=%2Fwp%2Fv2%2Fmedia&parent=1594"}],"curies":[{"name":"wp","href":"https:\/\/api.w.org\/{rel}","templated":true}]}}